{"id":238,"date":"2022-02-16T13:49:53","date_gmt":"2022-02-16T13:49:53","guid":{"rendered":"https:\/\/verein-omid.ch\/?page_id=238"},"modified":"2024-01-10T19:26:59","modified_gmt":"2024-01-10T19:26:59","slug":"home","status":"publish","type":"page","link":"https:\/\/verein-omid.ch\/","title":{"rendered":"Willkommen &#8211; \u062e\u0648\u0634 \u0622\u0645\u062f\u06cc\u062f"},"content":{"rendered":"\n<p>Herzlich willkommen auf der Webseite des Vereins OMID. Wir setzen uns ein f\u00fcr farsisprechende Migrantinnen und Migranten in der Region Biel, Jura und Solothurn. <\/p>\n\n\n\n<p>Das persische Wort \u00abOMID\u00bb bedeutet \u00abHoffnung\u00bb, was das Ziel unseres Vereins zum Ausdruck bringt: den Farsiprechenden eine Perspektive in der Schweiz zu geben. <\/p>\n\n\n\n<p>Auf unserer Webseite findest du Informationen \u00fcber uns als Verein und \u00fcber unsere Angebote. Es besteht auch die M\u00f6glichkeit, uns personell und finanziell zu unterst\u00fctzen. <\/p>\n\n\n\n<p style=\"margin-bottom:0\">OMID ist ein spendenfinanziertes Freiwilligenprojekt. Wir sind unabh\u00e4ngig und erhalten keine staatlichen Gelder.&nbsp;&nbsp;<\/p>\n\n\n\n<figure class=\"wp-block-image size-full has-custom-border\"><img loading=\"lazy\" decoding=\"async\" width=\"973\" height=\"381\" src=\"https:\/\/verein-omid.ch\/wp-content\/uploads\/2024\/01\/Zwei-Kreise-HOME-1.jpg\" alt=\"\" class=\"wp-image-484\" style=\"border-style:none;border-width:0px;border-radius:0px\" srcset=\"https:\/\/verein-omid.ch\/wp-content\/uploads\/2024\/01\/Zwei-Kreise-HOME-1.jpg 973w, https:\/\/verein-omid.ch\/wp-content\/uploads\/2024\/01\/Zwei-Kreise-HOME-1-300x117.jpg 300w, https:\/\/verein-omid.ch\/wp-content\/uploads\/2024\/01\/Zwei-Kreise-HOME-1-768x301.jpg 768w\" sizes=\"auto, (max-width: 973px) 100vw, 973px\" \/><\/figure>\n","protected":false},"excerpt":{"rendered":"<p>Herzlich willkommen auf der Webseite des Vereins OMID. Wir setzen uns ein f\u00fcr farsisprechende Migrantinnen und Migranten in der Region Biel, Jura und Solothurn. Das persische Wort \u00abOMID\u00bb bedeutet \u00abHoffnung\u00bb, was das Ziel unseres Vereins zum Ausdruck bringt: den Farsiprechenden eine Perspektive in der Schweiz zu geben. Auf unserer Webseite findest du Informationen \u00fcber uns [&hellip;]<\/p>\n","protected":false},"author":1,"featured_media":0,"parent":0,"menu_order":0,"comment_status":"closed","ping_status":"closed","template":"","meta":{"footnotes":""},"class_list":["post-238","page","type-page","status-publish","hentry"],"_links":{"self":[{"href":"https:\/\/verein-omid.ch\/index.php\/wp-json\/wp\/v2\/pages\/238","targetHints":{"allow":["GET"]}}],"collection":[{"href":"https:\/\/verein-omid.ch\/index.php\/wp-json\/wp\/v2\/pages"}],"about":[{"href":"https:\/\/verein-omid.ch\/index.php\/wp-json\/wp\/v2\/types\/page"}],"author":[{"embeddable":true,"href":"https:\/\/verein-omid.ch\/index.php\/wp-json\/wp\/v2\/users\/1"}],"replies":[{"embeddable":true,"href":"https:\/\/verein-omid.ch\/index.php\/wp-json\/wp\/v2\/comments?post=238"}],"version-history":[{"count":18,"href":"https:\/\/verein-omid.ch\/index.php\/wp-json\/wp\/v2\/pages\/238\/revisions"}],"predecessor-version":[{"id":485,"href":"https:\/\/verein-omid.ch\/index.php\/wp-json\/wp\/v2\/pages\/238\/revisions\/485"}],"wp:attachment":[{"href":"https:\/\/verein-omid.ch\/index.php\/wp-json\/wp\/v2\/media?parent=238"}],"curies":[{"name":"wp","href":"https:\/\/api.w.org\/{rel}","templated":true}]}}